{"id":782,"date":"2021-04-13T10:07:19","date_gmt":"2021-04-13T07:07:19","guid":{"rendered":"http:\/\/ragala.net\/ragala\/?page_id=782"},"modified":"2021-04-13T10:17:14","modified_gmt":"2021-04-13T07:17:14","slug":"levyt-21","status":"publish","type":"page","link":"https:\/\/ragala.net\/ragala\/index.php\/levyt-21\/","title":{"rendered":"Levyt #21"},"content":{"rendered":"\t\t<div data-elementor-type=\"wp-page\" data-elementor-id=\"782\" class=\"elementor elementor-782\" data-elementor-settings=\"[]\">\n\t\t\t\t\t\t<div class=\"elementor-inner\">\n\t\t\t\t\t\t\t<div class=\"elementor-section-wrap\">\n\t\t\t\t\t\t\t<section class=\"elementor-section elementor-top-section elementor-element elementor-element-3b1c6e84 elementor-section-boxed elementor-section-height-default elementor-section-height-default\" data-id=\"3b1c6e84\" data-element_type=\"section\">\n\t\t\t\t\t\t<div class=\"elementor-container elementor-column-gap-default\">\n\t\t\t\t\t\t\t<div class=\"elementor-row\">\n\t\t\t\t\t<div class=\"elementor-column elementor-col-100 elementor-top-column elementor-element elementor-element-7d90c6b\" data-id=\"7d90c6b\" data-element_type=\"column\">\n\t\t\t<div class=\"elementor-column-wrap elementor-element-populated\">\n\t\t\t\t\t\t\t<div class=\"elementor-widget-wrap\">\n\t\t\t\t\t\t<div class=\"elementor-element elementor-element-81e5d37 elementor-widget elementor-widget-heading\" data-id=\"81e5d37\" data-element_type=\"widget\" data-widget_type=\"heading.default\">\n\t\t\t\t<div class=\"elementor-widget-container\">\n\t\t\t<h2 class=\"elementor-heading-title elementor-size-default\">Nelj\u00e4 avantgardea - Viides sinfonia\n<br>\nEsitt\u00e4jin\u00e4 Matti Rag Paananen, piano sek\u00e4 Turun kaupunginorkesteri<br>2019<\/span><\/h2>\t\t<\/div>\n\t\t\t\t<\/div>\n\t\t\t\t<div class=\"elementor-element elementor-element-2bac00dc elementor-widget elementor-widget-text-editor\" data-id=\"2bac00dc\" data-element_type=\"widget\" data-widget_type=\"text-editor.default\">\n\t\t\t\t<div class=\"elementor-widget-container\">\n\t\t\t\t\t\t\t\t<div class=\"elementor-text-editor elementor-clearfix\">\n\t\t\t\t\t<p style=\"line-height: 39.2px; text-align: center;\"><b style=\"color: #000000; font-family: Tinos; font-size: medium; text-align: start;\">\u00a0 \u00a0<\/b><\/p><p><img loading=\"lazy\" decoding=\"async\" class=\"alignnone size-medium wp-image-491\" src=\"http:\/\/ragala.net\/ragala\/wp-content\/uploads\/2021\/02\/5sinfonia-300x300.png\" alt=\"\" width=\"300\" height=\"300\" srcset=\"https:\/\/ragala.net\/ragala\/wp-content\/uploads\/2021\/02\/5sinfonia-300x299.png 300w, https:\/\/ragala.net\/ragala\/wp-content\/uploads\/2021\/02\/5sinfonia-150x150.png 150w, https:\/\/ragala.net\/ragala\/wp-content\/uploads\/2021\/02\/5sinfonia-768x766.png 768w, https:\/\/ragala.net\/ragala\/wp-content\/uploads\/2021\/02\/5sinfonia-100x100.png 100w, https:\/\/ragala.net\/ragala\/wp-content\/uploads\/2021\/02\/5sinfonia-200x200.png 200w, https:\/\/ragala.net\/ragala\/wp-content\/uploads\/2021\/02\/5sinfonia.png 795w\" sizes=\"auto, (max-width: 300px) 100vw, 300px\" \/><\/p><p><b>\u00a0\u00a01) Avantgarden I<br \/>\u00a0\u00a02) Avantgarden II<br \/>\u00a0\u00a03) Avantgarden III<br \/>\u00a0\u00a04) Avantgarden IV<br \/>\u00a0\u00a05) 1st part: S\/S Susanne<br \/>\u00a0\u00a06) 2st part: A# -minor<br \/>\u00a0\u00a07) 3st part: Pinfonia<br \/>\u00a0\u00a08) 4st part: Dead end<\/b><\/p><p><b><br \/>Levy\u00e4 myyd\u00e4\u00e4n Galleria Ragalassa<\/b><\/p>\t\t\t\t\t<\/div>\n\t\t\t\t\t\t<\/div>\n\t\t\t\t<\/div>\n\t\t\t\t\t\t<\/div>\n\t\t\t\t\t<\/div>\n\t\t<\/div>\n\t\t\t\t\t\t\t\t<\/div>\n\t\t\t\t\t<\/div>\n\t\t<\/section>\n\t\t\t\t\t\t<\/div>\n\t\t\t\t\t\t<\/div>\n\t\t\t\t\t<\/div>\n\t\t","protected":false},"excerpt":{"rendered":"<p>Nelj\u00e4 avantgardea &#8211; Viides sinfonia Esitt\u00e4jin\u00e4 Matti Rag Paananen, piano sek\u00e4 Turun kaupunginorkesteri2019 \u00a0 \u00a0 \u00a0\u00a01) Avantgarden I\u00a0\u00a02) Avantgarden II\u00a0\u00a03) Avantgarden III\u00a0\u00a04) Avantgarden IV\u00a0\u00a05) 1st part: S\/S Susanne\u00a0\u00a06) 2st part: A# -minor\u00a0\u00a07) 3st part: Pinfonia\u00a0\u00a08) 4st part: Dead end Levy\u00e4 myyd\u00e4\u00e4n Galleria Ragalassa<\/p>\n","protected":false},"author":1,"featured_media":0,"parent":0,"menu_order":0,"comment_status":"closed","ping_status":"closed","template":"","meta":{"footnotes":""},"class_list":["post-782","page","type-page","status-publish","hentry"],"_links":{"self":[{"href":"https:\/\/ragala.net\/ragala\/index.php\/wp-json\/wp\/v2\/pages\/782","targetHints":{"allow":["GET"]}}],"collection":[{"href":"https:\/\/ragala.net\/ragala\/index.php\/wp-json\/wp\/v2\/pages"}],"about":[{"href":"https:\/\/ragala.net\/ragala\/index.php\/wp-json\/wp\/v2\/types\/page"}],"author":[{"embeddable":true,"href":"https:\/\/ragala.net\/ragala\/index.php\/wp-json\/wp\/v2\/users\/1"}],"replies":[{"embeddable":true,"href":"https:\/\/ragala.net\/ragala\/index.php\/wp-json\/wp\/v2\/comments?post=782"}],"version-history":[{"count":7,"href":"https:\/\/ragala.net\/ragala\/index.php\/wp-json\/wp\/v2\/pages\/782\/revisions"}],"predecessor-version":[{"id":789,"href":"https:\/\/ragala.net\/ragala\/index.php\/wp-json\/wp\/v2\/pages\/782\/revisions\/789"}],"wp:attachment":[{"href":"https:\/\/ragala.net\/ragala\/index.php\/wp-json\/wp\/v2\/media?parent=782"}],"curies":[{"name":"wp","href":"https:\/\/api.w.org\/{rel}","templated":true}]}}