{"id":774,"date":"2021-04-13T09:57:44","date_gmt":"2021-04-13T06:57:44","guid":{"rendered":"http:\/\/ragala.net\/ragala\/?page_id=774"},"modified":"2021-04-22T20:03:37","modified_gmt":"2021-04-22T17:03:37","slug":"levyt-20","status":"publish","type":"page","link":"https:\/\/ragala.net\/ragala\/index.php\/levyt-20\/","title":{"rendered":"Levyt #20"},"content":{"rendered":"\t\t<div data-elementor-type=\"wp-page\" data-elementor-id=\"774\" class=\"elementor elementor-774\" data-elementor-settings=\"[]\">\n\t\t\t\t\t\t<div class=\"elementor-inner\">\n\t\t\t\t\t\t\t<div class=\"elementor-section-wrap\">\n\t\t\t\t\t\t\t<section class=\"elementor-section elementor-top-section elementor-element elementor-element-14ae9fe4 elementor-section-boxed elementor-section-height-default elementor-section-height-default\" data-id=\"14ae9fe4\" data-element_type=\"section\">\n\t\t\t\t\t\t<div class=\"elementor-container elementor-column-gap-default\">\n\t\t\t\t\t\t\t<div class=\"elementor-row\">\n\t\t\t\t\t<div class=\"elementor-column elementor-col-100 elementor-top-column elementor-element elementor-element-504e0d50\" data-id=\"504e0d50\" data-element_type=\"column\">\n\t\t\t<div class=\"elementor-column-wrap elementor-element-populated\">\n\t\t\t\t\t\t\t<div class=\"elementor-widget-wrap\">\n\t\t\t\t\t\t<div class=\"elementor-element elementor-element-cf5fadd elementor-widget elementor-widget-heading\" data-id=\"cf5fadd\" data-element_type=\"widget\" data-widget_type=\"heading.default\">\n\t\t\t\t<div class=\"elementor-widget-container\">\n\t\t\t<h1 class=\"elementor-heading-title elementor-size-default\">Nelj\u00e4 laulua<br>Esitt\u00e4jin\u00e4\nSekakuoro Ty\u00f6n Laulajat sek\u00e4 Mikko Perkoila<br>2014<\/h1>\t\t<\/div>\n\t\t\t\t<\/div>\n\t\t\t\t<div class=\"elementor-element elementor-element-249690c4 elementor-widget elementor-widget-text-editor\" data-id=\"249690c4\" data-element_type=\"widget\" data-widget_type=\"text-editor.default\">\n\t\t\t\t<div class=\"elementor-widget-container\">\n\t\t\t\t\t\t\t\t<div class=\"elementor-text-editor elementor-clearfix\">\n\t\t\t\t\t<h1><img loading=\"lazy\" decoding=\"async\" class=\"alignnone size-medium wp-image-490\" style=\"color: #170d0d; font-family: var( --e-global-typography-text-font-family ), Sans-serif; font-weight: var( --e-global-typography-text-font-weight ); font-size: 16px;\" src=\"http:\/\/ragala.net\/ragala\/wp-content\/uploads\/2021\/02\/nelja20laulua20kansi-300x288.jpg\" alt=\"\" width=\"300\" height=\"288\" srcset=\"https:\/\/ragala.net\/ragala\/wp-content\/uploads\/2021\/02\/nelja20laulua20kansi-300x288.jpg 300w, https:\/\/ragala.net\/ragala\/wp-content\/uploads\/2021\/02\/nelja20laulua20kansi.jpg 313w\" sizes=\"auto, (max-width: 300px) 100vw, 300px\" \/><\/h1><p>01 Part Kes\u00e4jazz 1965<\/p><p>02 Part Maltainen laulu<\/p><p>03 Part V\u00e4rit ja maut<\/p><p>04 Part Onkimiehen blues<\/p><p>Levy\u00e4 myyd\u00e4\u00e4n Galleria Ragalassa<\/p>\t\t\t\t\t<\/div>\n\t\t\t\t\t\t<\/div>\n\t\t\t\t<\/div>\n\t\t\t\t\t\t<\/div>\n\t\t\t\t\t<\/div>\n\t\t<\/div>\n\t\t\t\t\t\t\t\t<\/div>\n\t\t\t\t\t<\/div>\n\t\t<\/section>\n\t\t\t\t\t\t<\/div>\n\t\t\t\t\t\t<\/div>\n\t\t\t\t\t<\/div>\n\t\t","protected":false},"excerpt":{"rendered":"<p>Nelj\u00e4 lauluaEsitt\u00e4jin\u00e4 Sekakuoro Ty\u00f6n Laulajat sek\u00e4 Mikko Perkoila2014 01 Part Kes\u00e4jazz 1965 02 Part Maltainen laulu 03 Part V\u00e4rit ja maut 04 Part Onkimiehen blues Levy\u00e4 myyd\u00e4\u00e4n Galleria Ragalassa<\/p>\n","protected":false},"author":1,"featured_media":0,"parent":0,"menu_order":0,"comment_status":"closed","ping_status":"closed","template":"","meta":{"footnotes":""},"class_list":["post-774","page","type-page","status-publish","hentry"],"_links":{"self":[{"href":"https:\/\/ragala.net\/ragala\/index.php\/wp-json\/wp\/v2\/pages\/774","targetHints":{"allow":["GET"]}}],"collection":[{"href":"https:\/\/ragala.net\/ragala\/index.php\/wp-json\/wp\/v2\/pages"}],"about":[{"href":"https:\/\/ragala.net\/ragala\/index.php\/wp-json\/wp\/v2\/types\/page"}],"author":[{"embeddable":true,"href":"https:\/\/ragala.net\/ragala\/index.php\/wp-json\/wp\/v2\/users\/1"}],"replies":[{"embeddable":true,"href":"https:\/\/ragala.net\/ragala\/index.php\/wp-json\/wp\/v2\/comments?post=774"}],"version-history":[{"count":7,"href":"https:\/\/ragala.net\/ragala\/index.php\/wp-json\/wp\/v2\/pages\/774\/revisions"}],"predecessor-version":[{"id":945,"href":"https:\/\/ragala.net\/ragala\/index.php\/wp-json\/wp\/v2\/pages\/774\/revisions\/945"}],"wp:attachment":[{"href":"https:\/\/ragala.net\/ragala\/index.php\/wp-json\/wp\/v2\/media?parent=774"}],"curies":[{"name":"wp","href":"https:\/\/api.w.org\/{rel}","templated":true}]}}