{"id":531,"date":"2021-02-23T11:21:52","date_gmt":"2021-02-23T09:21:52","guid":{"rendered":"http:\/\/ragala.net\/ragala\/?page_id=531"},"modified":"2021-02-23T11:25:27","modified_gmt":"2021-02-23T09:25:27","slug":"nuotit","status":"publish","type":"page","link":"https:\/\/ragala.net\/ragala\/index.php\/nuotit\/","title":{"rendered":"Nuotit"},"content":{"rendered":"\t\t<div data-elementor-type=\"wp-page\" data-elementor-id=\"531\" class=\"elementor elementor-531\" data-elementor-settings=\"[]\">\n\t\t\t\t\t\t<div class=\"elementor-inner\">\n\t\t\t\t\t\t\t<div class=\"elementor-section-wrap\">\n\t\t\t\t\t\t\t<section class=\"elementor-section elementor-top-section elementor-element elementor-element-6498292 elementor-section-boxed elementor-section-height-default elementor-section-height-default\" data-id=\"6498292\" data-element_type=\"section\">\n\t\t\t\t\t\t<div class=\"elementor-container elementor-column-gap-default\">\n\t\t\t\t\t\t\t<div class=\"elementor-row\">\n\t\t\t\t\t<div class=\"elementor-column elementor-col-100 elementor-top-column elementor-element elementor-element-980760f\" data-id=\"980760f\" data-element_type=\"column\">\n\t\t\t<div class=\"elementor-column-wrap elementor-element-populated\">\n\t\t\t\t\t\t\t<div class=\"elementor-widget-wrap\">\n\t\t\t\t\t\t<div class=\"elementor-element elementor-element-cbfef86 elementor-widget elementor-widget-text-editor\" data-id=\"cbfef86\" data-element_type=\"widget\" data-widget_type=\"text-editor.default\">\n\t\t\t\t<div class=\"elementor-widget-container\">\n\t\t\t\t\t\t\t\t<div class=\"elementor-text-editor elementor-clearfix\">\n\t\t\t\t\t<div style=\"color: #000000; font-family: 'Times New Roman'; font-size: medium; text-align: center;\"><p><strong>Is\u00e4 meid\u00e4n s\u00e4vellyksen nuotti<\/strong><\/p><\/div><p>\u00a0<\/p><div style=\"color: #000000; font-family: 'Times New Roman'; font-size: medium; text-align: center;\">S\u00e4vellyksen saa vapaasti tulostaa joko selaimen Tiedosto valikosta tai painamalla samaan aikaan Control+P<\/div>\t\t\t\t\t<\/div>\n\t\t\t\t\t\t<\/div>\n\t\t\t\t<\/div>\n\t\t\t\t\t\t<\/div>\n\t\t\t\t\t<\/div>\n\t\t<\/div>\n\t\t\t\t\t\t\t\t<\/div>\n\t\t\t\t\t<\/div>\n\t\t<\/section>\n\t\t\t\t<section class=\"elementor-section elementor-top-section elementor-element elementor-element-9deea8b elementor-section-boxed elementor-section-height-default elementor-section-height-default\" data-id=\"9deea8b\" data-element_type=\"section\">\n\t\t\t\t\t\t<div class=\"elementor-container elementor-column-gap-default\">\n\t\t\t\t\t\t\t<div class=\"elementor-row\">\n\t\t\t\t\t<div class=\"elementor-column elementor-col-100 elementor-top-column elementor-element elementor-element-87a06ea\" data-id=\"87a06ea\" data-element_type=\"column\">\n\t\t\t<div class=\"elementor-column-wrap elementor-element-populated\">\n\t\t\t\t\t\t\t<div class=\"elementor-widget-wrap\">\n\t\t\t\t\t\t<section class=\"elementor-section elementor-inner-section elementor-element elementor-element-fcc4c5c elementor-section-boxed elementor-section-height-default elementor-section-height-default\" data-id=\"fcc4c5c\" data-element_type=\"section\">\n\t\t\t\t\t\t<div class=\"elementor-container elementor-column-gap-default\">\n\t\t\t\t\t\t\t<div class=\"elementor-row\">\n\t\t\t\t\t<div class=\"elementor-column elementor-col-50 elementor-inner-column elementor-element elementor-element-896ba5e\" data-id=\"896ba5e\" data-element_type=\"column\">\n\t\t\t<div class=\"elementor-column-wrap elementor-element-populated\">\n\t\t\t\t\t\t\t<div class=\"elementor-widget-wrap\">\n\t\t\t\t\t\t<div class=\"elementor-element elementor-element-1997854 elementor-widget elementor-widget-image\" data-id=\"1997854\" data-element_type=\"widget\" data-widget_type=\"image.default\">\n\t\t\t\t<div class=\"elementor-widget-container\">\n\t\t\t\t\t\t\t\t<div class=\"elementor-image\">\n\t\t\t\t\t\t\t\t\t\t\t\t<img loading=\"lazy\" decoding=\"async\" width=\"640\" height=\"905\" src=\"https:\/\/ragala.net\/ragala\/wp-content\/uploads\/2021\/02\/1Isameidan-nuottisivu1-724x1024.jpg\" class=\"attachment-large size-large\" alt=\"\" srcset=\"https:\/\/ragala.net\/ragala\/wp-content\/uploads\/2021\/02\/1Isameidan-nuottisivu1-724x1024.jpg 724w, https:\/\/ragala.net\/ragala\/wp-content\/uploads\/2021\/02\/1Isameidan-nuottisivu1-212x300.jpg 212w, https:\/\/ragala.net\/ragala\/wp-content\/uploads\/2021\/02\/1Isameidan-nuottisivu1-768x1086.jpg 768w, https:\/\/ragala.net\/ragala\/wp-content\/uploads\/2021\/02\/1Isameidan-nuottisivu1-1086x1536.jpg 1086w, https:\/\/ragala.net\/ragala\/wp-content\/uploads\/2021\/02\/1Isameidan-nuottisivu1-1448x2048.jpg 1448w, https:\/\/ragala.net\/ragala\/wp-content\/uploads\/2021\/02\/1Isameidan-nuottisivu1-300x424.jpg 300w, https:\/\/ragala.net\/ragala\/wp-content\/uploads\/2021\/02\/1Isameidan-nuottisivu1-850x1202.jpg 850w, https:\/\/ragala.net\/ragala\/wp-content\/uploads\/2021\/02\/1Isameidan-nuottisivu1-scaled.jpg 1810w\" sizes=\"auto, (max-width: 640px) 100vw, 640px\" \/>\t\t\t\t\t\t\t\t\t\t\t\t\t\t<\/div>\n\t\t\t\t\t\t<\/div>\n\t\t\t\t<\/div>\n\t\t\t\t\t\t<\/div>\n\t\t\t\t\t<\/div>\n\t\t<\/div>\n\t\t\t\t<div class=\"elementor-column elementor-col-50 elementor-inner-column elementor-element elementor-element-34a5a48\" data-id=\"34a5a48\" data-element_type=\"column\">\n\t\t\t<div class=\"elementor-column-wrap elementor-element-populated\">\n\t\t\t\t\t\t\t<div class=\"elementor-widget-wrap\">\n\t\t\t\t\t\t<div class=\"elementor-element elementor-element-257e361 elementor-widget elementor-widget-image\" data-id=\"257e361\" data-element_type=\"widget\" data-widget_type=\"image.default\">\n\t\t\t\t<div class=\"elementor-widget-container\">\n\t\t\t\t\t\t\t\t<div class=\"elementor-image\">\n\t\t\t\t\t\t\t\t\t\t\t\t<img loading=\"lazy\" decoding=\"async\" width=\"640\" height=\"905\" src=\"https:\/\/ragala.net\/ragala\/wp-content\/uploads\/2021\/02\/2Isameidan-nuottisivu2-724x1024.jpg\" class=\"attachment-large size-large\" alt=\"\" srcset=\"https:\/\/ragala.net\/ragala\/wp-content\/uploads\/2021\/02\/2Isameidan-nuottisivu2-724x1024.jpg 724w, https:\/\/ragala.net\/ragala\/wp-content\/uploads\/2021\/02\/2Isameidan-nuottisivu2-212x300.jpg 212w, https:\/\/ragala.net\/ragala\/wp-content\/uploads\/2021\/02\/2Isameidan-nuottisivu2-768x1086.jpg 768w, https:\/\/ragala.net\/ragala\/wp-content\/uploads\/2021\/02\/2Isameidan-nuottisivu2-1086x1536.jpg 1086w, https:\/\/ragala.net\/ragala\/wp-content\/uploads\/2021\/02\/2Isameidan-nuottisivu2-1448x2048.jpg 1448w, https:\/\/ragala.net\/ragala\/wp-content\/uploads\/2021\/02\/2Isameidan-nuottisivu2-300x424.jpg 300w, https:\/\/ragala.net\/ragala\/wp-content\/uploads\/2021\/02\/2Isameidan-nuottisivu2-850x1202.jpg 850w, https:\/\/ragala.net\/ragala\/wp-content\/uploads\/2021\/02\/2Isameidan-nuottisivu2-scaled.jpg 1810w\" sizes=\"auto, (max-width: 640px) 100vw, 640px\" \/>\t\t\t\t\t\t\t\t\t\t\t\t\t\t<\/div>\n\t\t\t\t\t\t<\/div>\n\t\t\t\t<\/div>\n\t\t\t\t\t\t<\/div>\n\t\t\t\t\t<\/div>\n\t\t<\/div>\n\t\t\t\t\t\t\t\t<\/div>\n\t\t\t\t\t<\/div>\n\t\t<\/section>\n\t\t\t\t\t\t<\/div>\n\t\t\t\t\t<\/div>\n\t\t<\/div>\n\t\t\t\t\t\t\t\t<\/div>\n\t\t\t\t\t<\/div>\n\t\t<\/section>\n\t\t\t\t<section class=\"elementor-section elementor-top-section elementor-element elementor-element-9db82ac elementor-section-boxed elementor-section-height-default elementor-section-height-default\" data-id=\"9db82ac\" data-element_type=\"section\">\n\t\t\t\t\t\t<div class=\"elementor-container elementor-column-gap-default\">\n\t\t\t\t\t\t\t<div class=\"elementor-row\">\n\t\t\t\t\t<div class=\"elementor-column elementor-col-100 elementor-top-column elementor-element elementor-element-f9bb3a0\" data-id=\"f9bb3a0\" data-element_type=\"column\">\n\t\t\t<div class=\"elementor-column-wrap elementor-element-populated\">\n\t\t\t\t\t\t\t<div class=\"elementor-widget-wrap\">\n\t\t\t\t\t\t<div class=\"elementor-element elementor-element-0c5ed4d elementor-widget elementor-widget-text-editor\" data-id=\"0c5ed4d\" data-element_type=\"widget\" data-widget_type=\"text-editor.default\">\n\t\t\t\t<div class=\"elementor-widget-container\">\n\t\t\t\t\t\t\t\t<div class=\"elementor-text-editor elementor-clearfix\">\n\t\t\t\t\t<div style=\"color: #000000; font-family: 'Times New Roman'; font-size: medium; text-align: center;\"><p><strong>Herran siunaus s\u00e4vellyksen nuotti<\/strong><\/p><\/div><p>\u00a0<\/p><div style=\"color: #000000; font-family: 'Times New Roman'; font-size: medium; text-align: center;\">S\u00e4vellyksen saa vapaasti tulostaa joko selaimen Tiedosto valikosta tai painamalla samaan aikaan Control+P<\/div>\t\t\t\t\t<\/div>\n\t\t\t\t\t\t<\/div>\n\t\t\t\t<\/div>\n\t\t\t\t\t\t<\/div>\n\t\t\t\t\t<\/div>\n\t\t<\/div>\n\t\t\t\t\t\t\t\t<\/div>\n\t\t\t\t\t<\/div>\n\t\t<\/section>\n\t\t\t\t<section class=\"elementor-section elementor-top-section elementor-element elementor-element-f4a1860 elementor-section-boxed elementor-section-height-default elementor-section-height-default\" data-id=\"f4a1860\" data-element_type=\"section\">\n\t\t\t\t\t\t<div class=\"elementor-container elementor-column-gap-default\">\n\t\t\t\t\t\t\t<div class=\"elementor-row\">\n\t\t\t\t\t<div class=\"elementor-column elementor-col-100 elementor-top-column elementor-element elementor-element-c4ed1e7\" data-id=\"c4ed1e7\" data-element_type=\"column\">\n\t\t\t<div class=\"elementor-column-wrap elementor-element-populated\">\n\t\t\t\t\t\t\t<div class=\"elementor-widget-wrap\">\n\t\t\t\t\t\t<div class=\"elementor-element elementor-element-3ce6da1 elementor-widget elementor-widget-image\" data-id=\"3ce6da1\" data-element_type=\"widget\" data-widget_type=\"image.default\">\n\t\t\t\t<div class=\"elementor-widget-container\">\n\t\t\t\t\t\t\t\t<div class=\"elementor-image\">\n\t\t\t\t\t\t\t\t\t\t\t\t<img loading=\"lazy\" decoding=\"async\" width=\"640\" height=\"905\" src=\"https:\/\/ragala.net\/ragala\/wp-content\/uploads\/2021\/02\/Herran-siunaus-724x1024.jpg\" class=\"attachment-large size-large\" alt=\"\" srcset=\"https:\/\/ragala.net\/ragala\/wp-content\/uploads\/2021\/02\/Herran-siunaus-724x1024.jpg 724w, https:\/\/ragala.net\/ragala\/wp-content\/uploads\/2021\/02\/Herran-siunaus-212x300.jpg 212w, https:\/\/ragala.net\/ragala\/wp-content\/uploads\/2021\/02\/Herran-siunaus-768x1086.jpg 768w, https:\/\/ragala.net\/ragala\/wp-content\/uploads\/2021\/02\/Herran-siunaus-1086x1536.jpg 1086w, https:\/\/ragala.net\/ragala\/wp-content\/uploads\/2021\/02\/Herran-siunaus-1448x2048.jpg 1448w, https:\/\/ragala.net\/ragala\/wp-content\/uploads\/2021\/02\/Herran-siunaus-300x424.jpg 300w, https:\/\/ragala.net\/ragala\/wp-content\/uploads\/2021\/02\/Herran-siunaus-850x1202.jpg 850w, https:\/\/ragala.net\/ragala\/wp-content\/uploads\/2021\/02\/Herran-siunaus-scaled.jpg 1810w\" sizes=\"auto, (max-width: 640px) 100vw, 640px\" \/>\t\t\t\t\t\t\t\t\t\t\t\t\t\t<\/div>\n\t\t\t\t\t\t<\/div>\n\t\t\t\t<\/div>\n\t\t\t\t\t\t<\/div>\n\t\t\t\t\t<\/div>\n\t\t<\/div>\n\t\t\t\t\t\t\t\t<\/div>\n\t\t\t\t\t<\/div>\n\t\t<\/section>\n\t\t\t\t\t\t<\/div>\n\t\t\t\t\t\t<\/div>\n\t\t\t\t\t<\/div>\n\t\t","protected":false},"excerpt":{"rendered":"<p>Is\u00e4 meid\u00e4n s\u00e4vellyksen nuotti \u00a0 S\u00e4vellyksen saa vapaasti tulostaa joko selaimen Tiedosto valikosta tai painamalla samaan aikaan Control+P Herran siunaus s\u00e4vellyksen nuotti \u00a0 S\u00e4vellyksen saa vapaasti tulostaa joko selaimen Tiedosto valikosta tai painamalla samaan aikaan Control+P<\/p>\n","protected":false},"author":1,"featured_media":0,"parent":0,"menu_order":0,"comment_status":"closed","ping_status":"closed","template":"","meta":{"footnotes":""},"class_list":["post-531","page","type-page","status-publish","hentry"],"_links":{"self":[{"href":"https:\/\/ragala.net\/ragala\/index.php\/wp-json\/wp\/v2\/pages\/531","targetHints":{"allow":["GET"]}}],"collection":[{"href":"https:\/\/ragala.net\/ragala\/index.php\/wp-json\/wp\/v2\/pages"}],"about":[{"href":"https:\/\/ragala.net\/ragala\/index.php\/wp-json\/wp\/v2\/types\/page"}],"author":[{"embeddable":true,"href":"https:\/\/ragala.net\/ragala\/index.php\/wp-json\/wp\/v2\/users\/1"}],"replies":[{"embeddable":true,"href":"https:\/\/ragala.net\/ragala\/index.php\/wp-json\/wp\/v2\/comments?post=531"}],"version-history":[{"count":4,"href":"https:\/\/ragala.net\/ragala\/index.php\/wp-json\/wp\/v2\/pages\/531\/revisions"}],"predecessor-version":[{"id":538,"href":"https:\/\/ragala.net\/ragala\/index.php\/wp-json\/wp\/v2\/pages\/531\/revisions\/538"}],"wp:attachment":[{"href":"https:\/\/ragala.net\/ragala\/index.php\/wp-json\/wp\/v2\/media?parent=531"}],"curies":[{"name":"wp","href":"https:\/\/api.w.org\/{rel}","templated":true}]}}